 -m = -l + g. Let y = 526 + -525. What is the remainder when y is divided by m?
0
Let t(f) = -f**2 + 12*f - 6. Let o be t(12). Let j = o + 15. Let x(w) = 6*w**3 - 2*w + 1. What is the remainder when j is divided by x(1)?
4
Let s = 833 - 825. What is the remainder when 151 is divided by s?
7
Let h = -18 + 20. Suppose 69 = 5*u - h*u. Suppose 56 = 17*o - 13*o. Calculate the remainder when u is divided by o.
9
Let w(q) = 142*q**2 - 90*q + 264. Calculate the remainder when w(3) is divided by 75.
72
Let i = -22 + 11. Let b(v) = -v**3 - 11*v**2 + 8. What is the remainder when 37 is divided by b(i)?
5
Let a(p) = p**3 - 6*p**2 + 8*p + 6. What is the remainder when 5/((-10)/(-204)) + 2 is divided by a(5)?
20
Let y(b) = -97 - 3*b + 53 + 3*b**2 + 56. What is the remainder when y(6) is divided by 35?
32
Suppose 2*c - 2*n - 334 = -n, -2*c - n + 338 = 0. Suppose -2109 = 3*t - 20*t - 20*t. What is the remainder when c is divided by t?
54
Suppose 0*s - s - m = -15, 0 = -3*s - 5*m + 43. Let l(x) = 45*x**2 + 4*x - 3. What is the remainder when l(1) is divided by s?
14
Let p be -1*142*(3 - 4). Calculate the remainder when (-2 + 0)*p/(-4) is divided by (5 - -3)/(3/9).
23
Suppose -s = -2 - 0. Suppose x = -3*d - 41, s*d - 191 = 5*x + 3*d. Let f = -12 - x. What is the remainder when 49 is divided by f?
23
Let r = 29 + 2. Suppose -70 = -3*q - r. Calculate the remainder when 73 is divided by q.
8
Let u(c) = -2*c + 8. Let z be (-16)/56 + 74/14. Suppose -2*f - f + 5*l = -157, -z*f = -2*l - 287. Calculate the remainder when f is divided by u(-6).
19
Suppose -4*b = 5*o - 4629, 2*o - 1171 = -b + 680. Calculate the remainder when o is divided by 116.
113
Suppose 0*x + 54 = 6*x. Suppose p - 3*s = 5*p - 45, 2*p - 3*s - x = 0. Calculate the remainder when 61 is divided by p.
7
Let t = 0 + -25. Let j = 2 - t. Calculate the remainder when 77 is divided by j.
23
Let r(q) = -q**2 - 2*q. Let g be r(-2). Suppose 0*w - 2*w + 20 = g. Let n(m) = m**2 - 143*m + 181. What is the remainder when n(142) is divided by w?
9
Suppose 4*g = 16, -5*g - 56 - 132 = -4*c. What is the remainder when 1348 is divided by c?
48
Suppose -u - 2*m - 134 = 2*u, 0 = u - 5*m + 22. What is the remainder when 41 is divided by (140/u)/(4/(-18))?
11
Suppose 0 = -5*c - 70 + 600. Let s = -13 + c. What is the remainder when s is divided by 32?
29
Let c(h) = -h - 10. Let u be (-480)/50 + 4/(-10). Let g be c(u). Suppose -3 = -f - g. Calculate the remainder when 4 is divided by f.
1
Calculate the remainder when (176/(-40) - -4)/((-2)/555) is divided by 27.
3
What is the remainder when (-3)/(5*(-9)/7140) is divided by 60?
56
Let y(n) = n + 56. Calculate the remainder when 152 is divided by y(-11).
17
Suppose 8 = -2*p - 4. Let r be (-8)/(-12) - (-40)/p. Let z = r + 15. Calculate the remainder when 26 is divided by z.
8
Calculate the remainder when 195 is divided by ((-396)/(-10))/(14/35).
96
Let u = -641 + 1584. Calculate the remainder when u is divided by 9.
7
Suppose -7*p = -8*p - 2*o + 233, -5*p = 5*o - 1160. Calculate the remainder when (p/(-28) - 5)/((-2)/16) is divided by 18.
16
Suppose -420 = -26*h - 9*h. Calculate the remainder when 334 is divided by h.
10
Suppose -2*x + 70 = j - 697, 0 = 5*j - 15. Calculate the remainder when x is divided by 48.
46
Let n(c) = -2*c - 4. Let q be n(-5). Let b = 350 + -345. What is the remainder when 29 is divided by (-40)/(-6)*q/b?
5
Let q(v) be the first derivative of v**3/3 + 9*v**2/2 - 12*v + 2. Suppose 3*i + 30 = 3*p, 0*p = i - 2*p + 8. What is the remainder when q(i) is divided by 9?
6
Let m(s) = -s**3 + 5*s**2 + 2*s. Let q(f) = f**3 + 14*f**2 - f - 12. Let a be q(-14). Suppose -1 = -a*v + 7. What is the remainder when 93 is divided by m(v)?
21
Suppose 5*g = 82 + 443. Let x = g + -72. Let s(a) = a**3 - 4*a**2 - 34*a + 4. What is the remainder when x is divided by s(-4)?
9
Suppose -5*o = -2*d - 356, 4*o - 2*d = 8*o - 274. Calculate the remainder when o is divided by 26.
18
Suppose 69*h - 73*h = 4. What is the remainder when 14/(1 - (-3 - h) - 2) is divided by 6?
2
What is the remainder when 149 is divided by ((-2)/(-5))/((-1257)/180 + 7)?
5
Suppose 0 = 2*k - c - 30, k + c - 1 = 5*c. What is the remainder when 45 is divided by k?
11
Let z(i) = -4*i - 55. Let n be z(-15). Suppose -3*k + 307 = -2*y, n*k - 2*y + 201 = 718. What is the remainder when k is divided by ((-27)/4)/((-5)/20)?
24
Let r(q) be the first derivative of -25*q**3/6 + q - 5. Let w(g) be the first derivative of r(g). What is the remainder when w(-2) is divided by 13?
11
Let z = 379 + -340. Calculate the remainder when z is divided by 10.
9
Let p = 317 - 288. Calculate the remainder when 100 is divided by p.
13
Let u(y) = y**2 + 7*y - 14. Let w be u(-9). Let s = 8 - w. What is the remainder when 6 is divided by s?
2
Let f(v) = -28*v - 92. What is the remainder when 230 is divided by f(-5)?
38
Suppose 44 = 41*x - 4015. What is the remainder when x is divided by 10?
9
Let o = -17 + 26. Suppose o*x - 8*x = 0. Suppose -n + 19 = -3*q - 18, 5*n + q - 137 = x. What is the remainder when n is divided by 15?
13
Let p(i) = 14*i + 2. Let u be ((0 + -2)*1)/(10/(-5)). What is the remainder when 42 is divided by p(u)?
10
Let v be 4/6 + (-100)/60. Let x(m) = 13*m**3 - 2*m - 1. Let d be x(v). Let t(b) = b**3 + 12*b**2 + 6. Calculate the remainder when 10 is divided by t(d).
4
Let y(x) be the third derivative of x**4/6 - 5*x**3/3 + 2*x**2. Calculate the remainder when y(9) is divided by 2.
0
Let n = 19 - 12. Calculate the remainder when n is divided by 9 - ((-2)/(8/(-20)) + 1).
1
Let i(x) = -x**3 + 2*x**2 + 8*x - 3. Let f = -11 - -9. What is the remainder when (-3 + (f - -21))*2 is divided by i(3)?
8
Suppose 4*j - 372 = 4*x, 5*x - x - 332 = -4*j. Suppose j = 4*t + 8. Calculate the remainder when 37 is divided by t.
17
Let o be (-217)/(-14) - 3/6. Suppose -13*g - 70 = -o*g. What is the remainder when g is divided by (18/4)/3*12?
17
Let k(d) = 8*d**2 + 5*d + 14. Let r(a) = a**2 + 1. Let s(l) = k(l) - 5*r(l). What is the remainder when s(-6) is divided by 22?
21
Let y(j) = -71*j**2 - j + 2. Let v be y(1). Let a = v - -130. Suppose -i + a = 3*i. What is the remainder when 27 is divided by i?
12
Let m(h) = -500*h + 3041. Let g = -25 + 46. What is the remainder when m(6) is divided by g?
20
Suppose -21*y = -6*y - 180. Calculate the remainder when 20 is divided by y.
8
Suppose -25 = 2*r - 71. Suppose 3*s - 2*q - 223 = 3*q, 3*s + 3*q - 183 = 0. Calculate the remainder when s is divided by r.
20
Suppose -24 = -3*l - t, -4*l - l = -3*t - 26. Calculate the remainder when 27 is divided by l.
6
Let u(b) be the second derivative of -b**5/10 - 5*b**4/12 - b**3/2 + 2*b**2 - 5*b. Calculate the remainder when u(-3) is divided by 12.
10
Suppose 3*j = 105 - 423. Let t = 113 + j. Suppose -135 = -2*n - 3*n. What is the remainder when n is divided by t?
6
Suppose 0 = -5*t + 8 + 7. Let c be 1 + (-1495)/(-35) - (-4)/14. Suppose 4*j - 4*o - o - c = 0, 3*o + 36 = 4*j. What is the remainder when j is divided by t?
0
Suppose -6*w = -7*w + 86. Suppose 8*o = 10*o - w. What is the remainder when 169 is divided by o?
40
Let j = 68 + -65. Suppose -4*x + 5*c = -2*x - 29, 2*x + 4*c = 56. Calculate the remainder when x is divided by (-1 + j)/((-1)/(0 + -6)).
10
Suppose 3*l - 4*c = 28, 2*c + 44 = -l + 5*l. Suppose 5*m + 102 = l. Let t = m + 31. What is the remainder when 25 is divided by t?
12
Let l(q) = q**2 + 5*q - 8. Let y be l(-6). Let d(s) = 6*s**2 - 4. Let n be d(y). Suppose 14 = o - n. What is the remainder when o is divided by 18?
16
Let z be 95 + 0/1 + -10 + 7. Suppose 2*m + 4*j = z, -m - m - 5*j = -95. Calculate the remainder when m is divided by 11.
7
Calculate the remainder when 563 is divided by 120 + (-10 - (5 - 8)).
111
Let v = -215 + 256. What is the remainder when v is divided by 5?
1
Suppose 113 + 55 = 6*m. Let z = -2 - -3. Suppose -o = 2*t - 74 - 35, 0 = t + z. Calculate the remainder when o is divided by m.
27
Let v(o) = -o**3 + 5*o**2 - 3*o - 2. Let w be v(3). Let g = w + 1. Let f(b) = b**2 + 3*b - 86. What is the remainder when f(9) is divided by g?
6
Let d = 358 - 658. What is the remainder when (-7)/((-63)/d)*-3 is divided by 26?
22
Let k = -1913 + 1971. Calculate the remainder when 95 is divided by k.
37
Suppose 3*v - 225 = -3*b, 4*b + 4*v 